392)/(-136) - 3)?
2
Let p = -34 - -42. Suppose -p*h + 329 = -h. Suppose 8*x - 9*x + h = 0. What is the units digit of x?
7
Let p(m) = -7 - 1500*m + 20*m**2 + 2985*m - 1478*m. Suppose 3*o = o + 4. What is the tens digit of p(o)?
8
Let t be (-1*1)/(7/14) - -2. What is the tens digit of -2 + (t - 6) + 126?
1
Let r be (3/3*2 - -1) + 11. Suppose 11*g + 618 = r*g. Let z = -67 + g. What is the hundreds digit of z?
1
Let a(r) = r**3 + 52*r**2 - 181*r + 8. What is the hundreds digit of a(-51)?
8
Suppose -19727*z - 311472 = -19754*z. What is the tens digit of z?
3
Suppose 217722 = 11*x + 17*x - 42202. What is the thousands digit of x?
9
Suppose 5*k - 125809 = -2*c, 201*c - 198*c + 4*k - 188710 = 0. What is the ten thousands digit of c?
6
Let y(f) = 755*f**2 - 18*f - 37. What is the tens digit of y(6)?
3
Suppose 11*w + 6*w = 24854. Suppose 4*o = 5*i - 2165, 2*o = -4*i + 244 + w. What is the hundreds digit of i?
4
Suppose -a = 4*h - 23 - 18, -3*h + 2*a = -28. Suppose 0 = h*u - 788 - 1172. What is the tens digit of u?
9
Let n(h) = h + 10. Let l be n(-6). Let p be (-1 - (-658)/(-4))*-2. Suppose -p = -l*j + 73. What is the units digit of j?
1
Suppose -5*h - 227 = -4*m, -4*h - 73 = -5*m + 105. Let w = 606 + h. What is the units digit of w?
9
Suppose -27*g - 39110 = -32*g. What is the tens digit of g/12 + (-10)/(-60)?
5
Let i be (-1)/(-2*1/(-2)). Let g be (i - 119)/(0 - 18/(-24)). Let o = 267 + g. What is the hundreds digit of o?
1
Let f(k) = 198*k + 24. Let p(i) = 3*i + 18. Let v be p(-5). What is the tens digit of f(v)?
1
Let y be 0 - (-294)/2 - 0. Suppose 7*g = 12538 - 12517. Suppose 2*p - y = -g*m + 25, 3*p = m + 236. What is the tens digit of p?
8
Let t = -1293 + 1810. Let q = -338 + t. What is the tens digit of q?
7
Let a = -277 - -284. What is the hundreds digit of (-16891)/19*(-5)/a?
6
Let k = -27383 + 39410. What is the tens digit of k?
2
Let b be (33/(-11))/((-12)/32). Suppose b*i - 5420 - 1004 = 0. What is the units digit of i?
3
Suppose 7*c + 16 = 3*c, -2*n = -2*c + 28. Let w(b) = 2*b + 41. Let r be w(n). Suppose r*h = -3 + 28, 2*d - 3*h = 535. What is the hundreds digit of d?
2
Suppose 3*h - 30005 = -4*n, -12*n - 39986 = -4*h - 7*n. What is the units digit of h?
9
What is the tens digit of -8*(3042/(-16) + -6)?
6
Suppose 0 = -44*c - c. Suppose 100*w - 98*w - 1302 = c. What is the units digit of w?
1
Let q = 86 - 88. What is the hundreds digit of 354 + 4 + -11 - q?
3
Suppose -64618 = -5*d - 3*q + 66292, d + 2*q - 26182 = 0. What is the units digit of d?
2
What is the units digit of (-266580)/(-45) - (-1 - 5 - -1)?
9
What is the tens digit of (10897*(-2)/4)/((-1313)/7878)?
9
Let q be -64*(5191/(-1044) + (-4)/(-18)). Let w = 304 + q. What is the hundreds digit of w?
6
Let n(i) = 17*i - 10. Let a be n(2). Suppose f + 39 = 5*l - 2*f, -2*f - a = -3*l. Suppose -96 = -l*t + 5*t. What is the tens digit of t?
9
Suppose -3*f + 152116 = -4*m - 67070, 3*m + 292248 = 4*f. What is the units digit of f?
2
Let t(b) = -8*b**3 + 23*b**2 + 29*b + 6. Let w(x) = 7*x**3 - 22*x**2 - 28*x - 4. Let u(f) = 5*t(f) + 6*w(f). What is the tens digit of u(13)?
2
Suppose 4818 = -0*j + 3*j - 12738. What is the tens digit of j?
5
Let m = 7278 + -6717. What is the tens digit of m?
6
Let h be ((4 - 2) + 224/6)*-12. Let b be 8/(-4) + -669 + 2. Let a = h - b. What is the hundreds digit of a?
1
Suppose -5*g + 2*r = -119215, 0 = 4*g - r - 23686 - 71683. What is the thousands digit of g?
3
Let h(x) = -x**3 - 11*x**2 - 12*x - 17. Let j be h(-7). Let r = j - -217. Let o = r - 44. What is the tens digit of o?
4
Suppose 10 = 2*j + 1442. Let v = j - -1155. What is the hundreds digit of v?
4
Let g(f) = 5305*f + 94. What is the units digit of g(2)?
4
Let i = -5943 - -14223. What is the tens digit of i?
8
Let o(a) = -20 + 6*a - 3*a - 255*a**2 - 18 + 12*a + 256*a**2. What is the hundreds digit of o(22)?
7
Let m be (16/(-24))/(1/(-18)). Suppose 68*v = 74*v - m. What is the units digit of v?
2
Let o = 2707 + -1351. What is the hundreds digit of o?
3
Suppose -3*h + 96061 = -4*x, -17*h = -19*h + 5*x + 64022. What is the ten thousands digit of h?
3
What is the hundreds digit of ((25840/(-125))/((-17)/85))/((-2)/(-15))?
7
Suppose -13*y + 14*y - 4*t - 712 = 0, 2*y - 2*t = 1424. What is the units digit of y?
2
Let l(c) = 12*c**3 - 2*c**2 - 122*c - 23. What is the units digit of l(9)?
5
Let o = 248 + -225. Let b(z) = z**2 - 3*z + 1. Let p be b(3). What is the tens digit of (p/3)/(o/1794)?
2
Let x(j) = -12*j**2 - 1697*j + 339. What is the units digit of x(-98)?
7
Let j be ((-2)/(-19) - 586320/(-912))/(-1). Let q = -268 - j. What is the hundreds digit of q?
3
Let z(w) = -44*w - 23 + 30*w - 45*w. What is the tens digit of z(-6)?
3
What is the thousands digit of 10 - 13/((-117)/47592)?
5
Let t(l) = -l**2 - 23*l + 41. Let z be t(-24). Let n(y) = 3*y + 31. What is the tens digit of n(z)?
8
Suppose 2633 = -2*u + 5*z, u = -11*z + 12*z - 1324. Let d = 2090 + u. What is the hundreds digit of d?
7
Suppose 5*n + 1282*g - 1287*g - 155590 = 0, n - 31130 = 3*g. What is the ten thousands digit of n?
3
Let c(u) = u**3 + 28*u**2 + 50*u - 60. Let g be c(-26). Suppose -6 = q - 2, 0 = -3*l + 2*q - 223. Let t = g - l. What is the units digit of t?
9
Let b(u) = 2*u - 17. Let j be b(10). Suppose -168 = -j*t - 156. What is the hundreds digit of (-2077)/(-9) + t*(-2)/(-36)?
2
Suppose -32 = 8*p + 16. Let a(r) = -9*r + 13. Let m(l) = -2*l - 1. Let o(s) = p*m(s) + 3*a(s). What is the hundreds digit of o(-15)?
2
Suppose -5*q + 98 = 2*h, 2*q - 2*h + 58 = 5*q. Suppose -q*r - 108 = -2*r. What is the hundreds digit of 128 + -2*(-3)/r?
1
Let o(l) = l**3 - 6*l**2 - 2*l + 24. Let d be o(5). What is the tens digit of (-1)/d + 45664/88?
1
Suppose -3*r - 2*o = -101, -2*o = -5*r + 2*o + 139. Let u = r - -45. What is the units digit of u?
6
Suppose 246*a - 244*a - 11176 = 0. What is the units digit of a?
8
Let h = -839 - -884. Suppose -h*g = -38*g - 8876. What is the hundreds digit of g?
2
Let w = -703 + 707. Suppose w*l - 9854 = -9*l. What is the units digit of l?
8
Suppose -142*a = 89*a - 1443057. What is the hundreds digit of a?
2
Let i be (88/(-10))/(16/20 + -1). Suppose 5*h - 36 = 2*h + 3*y, -i = -3*h + y. Suppose -30 = -b + h. What is the units digit of b?
6
Let q(m) = m**2 - 5*m - 22. Let b be q(8). Suppose o = -b*v - 3929, -4*v + 5*o = 3*o + 7854. What is the tens digit of v/(-20) + -6 + 2/(-10)?
9
Let f = 53819 + -22994. Suppose -16*u + f = 7257. What is the tens digit of u?
7
Let g = -13 + 21. Let z(n) = n + 2. Let i be z(g). Suppose 0 = -16*x + i*x + 474. What is the units digit of x?
9
Suppose 2*q - 2218 = 2*h, -q - h + 2209 = q. Suppose -3*g - 2*n = -407 - 695, q = 3*g + 4*n. What is the tens digit of g?
6
Let k be -1020 + 14 - 12/(-3). Let f = -139 - k. What is the units digit of f?
3
Let o(m) = -36*m - 189. Let u(d) = 56*d + 284. Let x(t) = -7*o(t) - 5*u(t). What is the tens digit of x(-19)?
3
Let d = -9478 + 18638. What is the thousands digit of d?
9
Suppose 4*r + k = 17277 - 5370, 4 = -4*k. Suppose -4*t = 3*n + 2*n - r, 593 = n + 2*t. What is the units digit of n?
7
Suppose -27*h - 29 = -q - 22*h, q - 9 = h. What is the hundreds digit of (6 - -883) + -1 + q?
8
Let q = 34028 + -19328. What is the ten thousands digit of q?
1
Let l(x) = 16 - 2 - 10 - 49*x. Let o be l(-4). Suppose -o = -4*t - 5*i, 0 = -4*t + 3*i - 40 + 208. What is the units digit of t?
5
Let x(a) = 58802*a - 203. What is the thousands digit of x(1)?
8
Let o be (0 + 3)/(-3) - -10. Suppose 0 = -2*b - 3*b - 2*k + o, -5*b + 3*k = -24. What is the tens digit of 5/(-30)*b*-152?
7
Let i(d) = -2*d**3 - 40*d**2 + d + 42. Let h be i(-20). Suppose -h*n + 16*n + 3678 = 0. What is the units digit of n?
3
Let u(r) = r**2 - 25*r + 11. Suppose -3*v = -2*v - 30. What is the units digit of u(v)?
1
Let j(w) = 3*w**3 - 18*w**2 + 56*w + 22. Let n be j(17). Suppose 11*k - 2282 = n. What is the tens digit of k?
6
Suppose -19*v + 253148 = 9*v. What is the hundreds digit of v?
0
Suppose 0 = -k - o + 3776, 0 = 3*k + 2*o - 0*o - 11332. Suppose k = 12*s + 3*s. Let i = s + -165. What is the tens digit of i?
8
Let r(f) = 137*f**2 + 74*f - 1094. What is the units digit of r(16)?
2
Suppose -4*k = 5*t + 5, 0 = 4*t + 5*k + 3 + 1. Suppose -9*n = -10*n. What is the units digit of (-1 + (3 - (t - n